e hundred thousands digit of 4096828?
0
What is the thousands digit of 207512?
7
What is the ten thousands digit of 15620?
1
What is the hundreds digit of 1175427?
4
What is the ten thousands digit of 753196?
5
What is the ten thousands digit of 20395819?
9
What is the units digit of 1005103?
3
What is the thousands digit of 1318198?
8
What is the tens digit of 4791091?
9
What is the units digit of 226529?
9
What is the hundreds digit of 8743379?
3
What is the hundred thousands digit of 570467?
5
What is the hundreds digit of 6848287?
2
What is the ten thousands digit of 5175109?
7
What is the hundred thousands digit of 1119481?
1
What is the hundreds digit of 1946650?
6
What is the thousands digit of 5084043?
4
What is the hundred thousands digit of 1429840?
4
What is the units digit of 1391203?
3
What is the tens digit of 22069?
6
What is the hundred thousands digit of 7525296?
5
What is the tens digit of 12375647?
4
What is the ten thousands digit of 3268241?
6
What is the thousands digit of 524941?
4
What is the hundred thousands digit of 25220018?
2
What is the units digit of 2296955?
5
What is the units digit of 1628203?
3
What is the units digit of 775434?
4
What is the tens digit of 196270?
7
What is the ten millions digit of 10151008?
1
What is the hundred thousands digit of 2345892?
3
What is the ten thousands digit of 1635801?
3
What is the thousands digit of 318737?
8
What is the thousands digit of 7620577?
0
What is the ten thousands digit of 142056?
4
What is the units digit of 1113788?
8
What is the tens digit of 6201235?
3
What is the tens digit of 5854375?
7
What is the ten thousands digit of 881481?
8
What is the units digit of 673780?
0
What is the thousands digit of 58973?
8
What is the hundred thousands digit of 12054824?
0
What is the hundred thousands digit of 110740?
1
What is the hundred thousands digit of 966724?
9
What is the millions digit of 2701808?
2
What is the hundred thousands digit of 11249608?
2
What is the units digit of 357969?
9
What is the hundred thousands digit of 240690?
2
What is the thousands digit of 28186?
8
What is the thousands digit of 899294?
9
What is the hundred thousands digit of 12822400?
8
What is the tens digit of 9557094?
9
What is the tens digit of 2135741?
4
What is the units digit of 1395457?
7
What is the hundred thousands digit of 1181035?
1
What is the thousands digit of 103731?
3
What is the hundreds digit of 591047?
0
What is the ten thousands digit of 2247721?
4
What is the hundreds digit of 4283951?
9
What is the millions digit of 1356586?
1
What is the hundreds digit of 581360?
3
What is the units digit of 2798489?
9
What is the tens digit of 1063958?
5
What is the millions digit of 3350705?
3
What is the tens digit of 16677257?
5
What is the hundred thousands digit of 854380?
8
What is the ten thousands digit of 437121?
3
What is the tens digit of 90840?
4
What is the tens digit of 173572?
7
What is the hundreds digit of 17171571?
5
What is the ten thousands digit of 650068?
5
What is the units digit of 2458810?
0
What is the hundred thousands digit of 298087?
2
What is the units digit of 1788471?
1
What is the hundred thousands digit of 1249321?
2
What is the millions digit of 13218902?
3
What is the hundred thousands digit of 4877100?
8
What is the ten thousands digit of 11181574?
8
What is the units digit of 265873?
3
What is the tens digit of 78004?
0
What is the ten thousands digit of 3740517?
4
What is the thousands digit of 676867?
6
What is the thousands digit of 9269489?
9
What is the tens digit of 58616?
1
What is the thousands digit of 9460943?
0
What is the units digit of 977462?
2
What is the millions digit of 1003350?
1
What is the units digit of 900681?
1
What is the tens digit of 8878468?
6
What is the millions digit of 3822502?
3
What is the millions digit of 4605638?
4
What is the ten thousands digit of 361527?
6
What is the hundreds digit of 4450338?
3
What is the thousands digit of 2580889?
0
What is the ten millions digit of 12255915?
1
What is the units digit of 25225625?
5
What is the millions digit of 4289148?
4
What is the ten millions digit of 13980427?
1
What is the hundreds digit of 8257201?
2
What is the thousands digit of 19881427?
1
What is the ten thousands digit of 226592?
2
What is the ten thousands digit of 362942?
6
What is the millions digit of 1922813?
1
What is the tens digit of 164396?
9
What is the hundreds digit of 284894?
8
What is the ten thousands digit of 22134?
2
What is the units digit of 127789?
9
What is the units digit of 69876?
6
What is the hundreds digit of 2619655?
6
What is the tens digit of 5566361?
6
What is the tens digit of 224278?
7
What is the hundreds digit of 2420603?
6
What is the millions digit of 2410137?
2
What is the tens digit of 7721715?
1
What is the tens digit of 265731?
3
What is the thousands digit of 157906?
7
What is the ten thousands digit of 2600249?
0
What is the ten thousands digit of 350982?
5
What is the units digit of 28510527?
7
What is the tens digit of 873430?
3
What is the ten millions digit of 24133474?
2
What is the units digit of 1256852?
2
What is the thousands digit of 281670?
1
What is the hundred thousands digit of 1697514?
6
What is the ten thousands digit of 1245389?
4
What is the hundreds digit of 612113?
1
What is the hundred thousands digit of 963090?
9
What is the thousands digit of 6205834?
5
What is the millions digit of 3419940?
3
What is the units digit of 89649?
9
What is the thousands digit of 10912308?
2
What is the millions digit of 2013432?
2
What is the hundreds digit of 385043?
0
What is the thousands digit of 829264?
9
What is the millions digit of 22346712?
2
What is the tens digit of 121724?
2
What is the millions digit of 1216536?
1
What is the millions digit of 23044942?
3
What is the units digit of 44651?
1
What is the ten thousands digit of 18908709?
0
What is the thousands digit of 256636?
6
What is the tens digit of 20015?
1
What is the units digit of 2898615?
5
What is the hundred thousands digit of 321218?
3
What is the tens digit of 20733801?
0
What is the thousands digit of 6669809?
9
What is the thousands digit of 2860018?
0
What is the tens digit of 2516018?
1
What is the units digit of 703309?
9
What is the millions digit of 9271833?
9
What is the ten millions digit of 27635074?
2
What is the ten thousands digit of 1122235?
2
What is the hundred thousands digit of 1566814?
5
What is the hundreds digit of 449778?
7
What is the hundred thousands digit of 200489?
2
What is the units digit of 8366717?
7
What is the hundreds digit of 2524643?
6
What is the ten thousands digit of 6220089?
2
What is the ten thousands digit of 922243?
2
What is the hundreds digit of 245674?
6
What is the thousands digit of 169137?
9
What is the tens digit of 88138?
3
What is the ten thousands digit of 124966?
2
What is the hundred thousands digit of 404929?
4
What is the ten thousands digit of 24481?
2
What is the thousands digit of 8597972?
7
What is the units digit of 56676?
6
What is the hundreds digit of 2559344?
3
What is the ten thousands digit of 689267?
8
What is the thousands digit of 691863?
1
What is the hundreds digit of 249873?
8
What is the units digit of 10525090?
0
What is the hundreds digit of 58512?
5
What is the millions digit of 1360220?
1
What is the units digit of 41292?
2
What is the tens digit of 5134351?
5
What is the units digit of 6235067?
7
What is the hundreds digit of 3664?
6
What is the units digit of 299937?
7
What is the thousands digit of 5616815?
6
What is the hundreds digit of 94141?
1
What is the hundred thousands digit of 11890957?
8
What is the units digit of 736157?
7
What is the tens digit of 11058354?
5
What is the thousands digit of 779816?
9
What is the ten thousands digit of 1469267?
6
What is the thousands digit of 59673?
9
What is the hundreds digit of 238787?
7
What is the hundred thousands digit of 179772?
1
What is the hundreds digit of 2826199?
1
What is the hundred thousands digit of 208095?
2
What is the tens digit of 120461?
6
What is the millions digit of 1244543?
1
What is the hundred thousands digit of 13234919?
2
What is the hundreds digit of 1963302?
3
What is the ten thousands digit of 1829908?
2
What is the h